{"id":20730,"date":"2023-06-25T12:08:47","date_gmt":"2023-06-25T10:08:47","guid":{"rendered":"https:\/\/knjizara-sidran.com\/v2\/?post_type=product&#038;p=20730"},"modified":"2024-01-08T23:22:14","modified_gmt":"2024-01-08T21:22:14","slug":"mimarov-segrt","status":"publish","type":"product","link":"https:\/\/knjizara-sidran.com\/v2\/product\/mimarov-segrt\/","title":{"rendered":"Mimarov \u0161egrt"},"content":{"rendered":"<p>Bilo nas je \u0161estoro: u\u010ditelj, \u0161egrti i bijeli slon. Sve smo izgradili zajedno\u2026<br \/>\nIstanbul, 1540. godina: zajedno s neobi\u010dnim poklonom za sultana u grad sti\u017ee slijepi putnik. Dje\u010dak, potpuno sam u stranoj zemlji, bez imena i bez i\u010deg svog, izuzev \u010cote, rijetkog bijelog slona.<br \/>\nPrihvati\u0107e ga kao krotitelja \u017eivotinja u sultanovom zvjerinjaku gdje \u0107e imati priliku da se sprijatelji sa sultanovom lijepom k\u0107eri, princezom Mihrimom u koju \u0107e se zaljubiti. U carskoj palati sre\u0161\u0107e i D\u017eahana od Mimara Sinana, glavnog carskog neimara, koji ga uzima pod svoje okrilje pa zajedno uz \u010cotinu pomo\u0107 podi\u017eu neke od najveli\u010danstvenijih gra\u0111evina u istoriji. Ipak, \u010dak i dok grade Sinanova trijumfalna zdanja kao \u0161to su d\u017eamija Sulejmanija i d\u017eamija Selimija, ispod povr\u0161ine zbivanja javljaju se uznemiruju\u0107e struje i me\u0111u neimarovim \u0161egrtima izbija zavist.<\/p>\n<p>Nezaboravna pri\u010da o umjetni\u010dkoj slobodi, kreativnosti i sukobu izme\u0111u nauke i fundamentalizma koja vrvi od upe\u010datljivih likova i misterioznih avantura na rasko\u0161noj pozadini osmanskog dvora, gdje ljubav i lojalnost ne mogu da pariraju sirovoj mo\u0107i. Sav u bojama Osmanske carevine, kad je Istanbul bio plodan centar jedne civilizacije, Neimarov \u0161egrt je magi\u010dna, zanosna bajka o jednom dje\u010daku i njegovom slonu, u svijet \u010duda i opasnosti.<\/p>\n","protected":false},"excerpt":{"rendered":"<p>Bilo nas je \u0161estoro: u\u010ditelj, \u0161egrti i bijeli slon. Sve [&hellip;]<\/p>\n","protected":false},"featured_media":20731,"template":"","meta":[],"product_cat":[108,29],"product_tag":[],"class_list":["post-20730","product","type-product","status-publish","has-post-thumbnail","hentry","product_cat-beletristika","product_cat-knjige"],"_links":{"self":[{"href":"https:\/\/knjizara-sidran.com\/v2\/wp-json\/wp\/v2\/product\/20730","targetHints":{"allow":["GET"]}}],"collection":[{"href":"https:\/\/knjizara-sidran.com\/v2\/wp-json\/wp\/v2\/product"}],"about":[{"href":"https:\/\/knjizara-sidran.com\/v2\/wp-json\/wp\/v2\/types\/product"}],"wp:featuredmedia":[{"embeddable":true,"href":"https:\/\/knjizara-sidran.com\/v2\/wp-json\/wp\/v2\/media\/20731"}],"wp:attachment":[{"href":"https:\/\/knjizara-sidran.com\/v2\/wp-json\/wp\/v2\/media?parent=20730"}],"wp:term":[{"taxonomy":"product_cat","embeddable":true,"href":"https:\/\/knjizara-sidran.com\/v2\/wp-json\/wp\/v2\/product_cat?post=20730"},{"taxonomy":"product_tag","embeddable":true,"href":"https:\/\/knjizara-sidran.com\/v2\/wp-json\/wp\/v2\/product_tag?post=20730"}],"curies":[{"name":"wp","href":"https:\/\/api.w.org\/{rel}","templated":true}]}}