{"id":20766,"date":"2023-06-25T14:31:18","date_gmt":"2023-06-25T12:31:18","guid":{"rendered":"https:\/\/knjizara-sidran.com\/v2\/?post_type=product&#038;p=20766"},"modified":"2025-11-20T09:47:46","modified_gmt":"2025-11-20T07:47:46","slug":"slatki-ukus-suza","status":"publish","type":"product","link":"https:\/\/knjizara-sidran.com\/v2\/product\/slatki-ukus-suza\/","title":{"rendered":"Slatki ukus suza"},"content":{"rendered":"<p>Veli\u010danstveno djelo o tajnama, bolu, identitetu i nadi, u kojem traganje jedne mlade \u017eene za samom sobom vodi do najve\u0107ih istina o svijetu i samom \u017eivotu.<\/p>\n<p>Kada se sukobe vjera i \u010dinjenice, D\u017eo Mar\u010d &#8211; mlada \u017eena ro\u0111ena u evangelisti\u010dkoj hri\u0161\u0107anskoj porodici &#8211; bori se sa sumnjama i pitanjima o tome ko je ona i kako se uklapa u zavje\u0161tanje svoje religiozne porodice.<\/p>\n<p>Ona slijedi niti za koje se nada da \u0107e je dovesti do istine, \u0161to je vodi do nevjerovatnog traganja iza granica jezika i vjere, kroz provalije vjerskih podjela u muslimanskom svijetu, smje\u0161tene u okvire rata protiv terorizma; od Kalifornije do \u010cikaga, Pakistana do Iraka. Dok uranja duboko u pro\u0161lost, upoznaje brojne ro\u0111ake sa razli\u010ditim \u017eivotnim pri\u010dama &#8211; za mnoge od njih nije ni znala da postoje &#8211; \u010dija su iskustva nesumnjivo isprepletana sa njenim. Do kraja svog putovanja, saznaje da ni\u0161ta nikad nije onakvo kakvim se \u010dini i da su osobe koje su najvi\u0161e posve\u0107ene duhovnom \u010desto one koje su nekada najvi\u0161e sumnjale u svoju vjeru.<\/p>\n<p>Roman koji odi\u0161e mudro\u0161\u0107u i samopouzdanjem, Slatki ukus suza predstavlja sna\u017ean podsjetnik na spone koje nas povezuju, izbore koji nas dijele i univerzalne radosti i tragedije koje nas sve oblikuju.<\/p>\n","protected":false},"excerpt":{"rendered":"<p>Veli\u010danstveno djelo o tajnama, bolu, identitetu i nadi, u kojem [&hellip;]<\/p>\n","protected":false},"featured_media":20770,"template":"","meta":[],"product_cat":[108,29],"product_tag":[],"class_list":["post-20766","product","type-product","status-publish","has-post-thumbnail","hentry","product_cat-beletristika","product_cat-knjige"],"_links":{"self":[{"href":"https:\/\/knjizara-sidran.com\/v2\/wp-json\/wp\/v2\/product\/20766","targetHints":{"allow":["GET"]}}],"collection":[{"href":"https:\/\/knjizara-sidran.com\/v2\/wp-json\/wp\/v2\/product"}],"about":[{"href":"https:\/\/knjizara-sidran.com\/v2\/wp-json\/wp\/v2\/types\/product"}],"wp:featuredmedia":[{"embeddable":true,"href":"https:\/\/knjizara-sidran.com\/v2\/wp-json\/wp\/v2\/media\/20770"}],"wp:attachment":[{"href":"https:\/\/knjizara-sidran.com\/v2\/wp-json\/wp\/v2\/media?parent=20766"}],"wp:term":[{"taxonomy":"product_cat","embeddable":true,"href":"https:\/\/knjizara-sidran.com\/v2\/wp-json\/wp\/v2\/product_cat?post=20766"},{"taxonomy":"product_tag","embeddable":true,"href":"https:\/\/knjizara-sidran.com\/v2\/wp-json\/wp\/v2\/product_tag?post=20766"}],"curies":[{"name":"wp","href":"https:\/\/api.w.org\/{rel}","templated":true}]}}