{"id":20816,"date":"2023-07-03T09:02:23","date_gmt":"2023-07-03T07:02:23","guid":{"rendered":"https:\/\/knjizara-sidran.com\/v2\/?post_type=product&#038;p=20816"},"modified":"2025-11-26T09:58:57","modified_gmt":"2025-11-26T07:58:57","slug":"algebra-srece","status":"publish","type":"product","link":"https:\/\/knjizara-sidran.com\/v2\/product\/algebra-srece\/","title":{"rendered":"Algebra sre\u0107e"},"content":{"rendered":"<p>Uobi\u010dajeno je u vremenu surove konkurencije da stru\u010dnjaci, a jo\u0161 i vi\u0161e \u201estru\u010dnjaci\u201c, sastavljaju uputstva o napredovanju prema uspjehu koja se ve\u0107 na prvi pogled vidljivo obra\u0107aju isklju\u010divo onim ambicioznim mladim ljudima \u0161to \u017eele da se ispnu na sam vrh.<\/p>\n<p>Ako ste uvek me\u0111u najboljima i najistaknutijima u okru\u017eenju verovatno gorite od \u017eelje da postanete poznati kao Bil Gejts ili Donald Tramp; uostalom, uvek ste bili sasvim blizu vrha i ne odri\u010dete se namere da zauvek na njemu i ostanete. Mno\u0161tvo knjiga koje se danas \u0161tampaju upinje se da taj put opi\u0161e i putokaze za njegovo kori\u0161\u0107enje otkrije.<\/p>\n<p>Ali, ako niste uvek bili me\u0111u najboljima, ako su vam ambicije skromnije i ose\u0107ate da u \u017eivotu postoji ne\u0161to vi\u0161e od poslovnog uspeha \u2013 a to ne\u0161to vam je i va\u017enije od materijalnih dobara \u2013 onda je ovo pravo \u0161tivo za vas.<\/p>\n<p>Skot Galovej se ne libi da strogo govori o sebi i prizna nezainteresovanost, odsustvo ambicija i zablude iz mladosti. Istovremeno, to je \u010dovek prose\u010dan ali spreman da u\u010di, posve\u0107en i voljan da zasu\u010de rukave i postigne ozbiljan uspeh u \u017eivotu ne odri\u010du\u0107i se onih vrednosti i ljudskih obaveza koje i samo na\u0161e postojanje \u010dine vrednim i jedinstvenim: ljubavi, ne\u017enosti, porodice, dece, topline prema prijateljima i ljudima uop\u0161te \u2013 svega onoga \u0161to \u010dini smisao \u017eivota<\/p>\n","protected":false},"excerpt":{"rendered":"<p>Uobi\u010dajeno je u vremenu surove konkurencije da stru\u010dnjaci, a jo\u0161 [&hellip;]<\/p>\n","protected":false},"featured_media":20817,"template":"","meta":[],"product_cat":[29,116],"product_tag":[],"class_list":["post-20816","product","type-product","status-publish","has-post-thumbnail","hentry","product_cat-knjige","product_cat-psihologija"],"_links":{"self":[{"href":"https:\/\/knjizara-sidran.com\/v2\/wp-json\/wp\/v2\/product\/20816","targetHints":{"allow":["GET"]}}],"collection":[{"href":"https:\/\/knjizara-sidran.com\/v2\/wp-json\/wp\/v2\/product"}],"about":[{"href":"https:\/\/knjizara-sidran.com\/v2\/wp-json\/wp\/v2\/types\/product"}],"wp:featuredmedia":[{"embeddable":true,"href":"https:\/\/knjizara-sidran.com\/v2\/wp-json\/wp\/v2\/media\/20817"}],"wp:attachment":[{"href":"https:\/\/knjizara-sidran.com\/v2\/wp-json\/wp\/v2\/media?parent=20816"}],"wp:term":[{"taxonomy":"product_cat","embeddable":true,"href":"https:\/\/knjizara-sidran.com\/v2\/wp-json\/wp\/v2\/product_cat?post=20816"},{"taxonomy":"product_tag","embeddable":true,"href":"https:\/\/knjizara-sidran.com\/v2\/wp-json\/wp\/v2\/product_tag?post=20816"}],"curies":[{"name":"wp","href":"https:\/\/api.w.org\/{rel}","templated":true}]}}