{"id":20923,"date":"2023-07-03T23:38:36","date_gmt":"2023-07-03T21:38:36","guid":{"rendered":"https:\/\/knjizara-sidran.com\/v2\/?post_type=product&#038;p=20923"},"modified":"2025-11-28T14:32:04","modified_gmt":"2025-11-28T12:32:04","slug":"prestanite-da-citate-vijesti","status":"publish","type":"product","link":"https:\/\/knjizara-sidran.com\/v2\/product\/prestanite-da-citate-vijesti\/","title":{"rendered":"Prestanite da \u010ditate vijesti"},"content":{"rendered":"<p>Vijesti su lo\u0161e po na\u0161e zdravlje. \u010citanje vijesti vodi do osje\u0107anja straha i \u010dini nas nespokojnim ili agresivnim, istovremeno sputavaju\u0107i na\u0161u kreativnost i sposobnost da sveobuhvatnije promi\u0161ljamo svijet. Rje\u0161enje? Prestanimo da ih \u010ditamo.<\/p>\n<p>Prestanite da \u010ditate vijesti je Dobelijev kriti\u010dki osvrt na opasnosti najtoksi\u010dnijeg oblika informacija \u2013 vijesti. Dobeli ukazuje na \u0161tetu koju nanose na\u0161oj pa\u017enji i blagostanju. Knjiga autora bestselera Umjetnost jasnog razmi\u0161ljanja nudi \u010ditaocu smernice ka mnogim mogu\u0107im prednostima \u017eivota bez vijesti.<\/p>\n<p>U svijetu sve vec\u0301ih potresa i podela, Prestanite da \u010ditate vijesti je putokaz ka \u017eivotu sa vi\u0161e slobodnog vremena, dubljim uvidima i manje strepnje.<\/p>\n","protected":false},"excerpt":{"rendered":"<p>Vijesti su lo\u0161e po na\u0161e zdravlje. \u010citanje vijesti vodi do [&hellip;]<\/p>\n","protected":false},"featured_media":20928,"template":"","meta":[],"product_cat":[108,29,116],"product_tag":[],"class_list":["post-20923","product","type-product","status-publish","has-post-thumbnail","hentry","product_cat-beletristika","product_cat-knjige","product_cat-psihologija"],"_links":{"self":[{"href":"https:\/\/knjizara-sidran.com\/v2\/wp-json\/wp\/v2\/product\/20923","targetHints":{"allow":["GET"]}}],"collection":[{"href":"https:\/\/knjizara-sidran.com\/v2\/wp-json\/wp\/v2\/product"}],"about":[{"href":"https:\/\/knjizara-sidran.com\/v2\/wp-json\/wp\/v2\/types\/product"}],"wp:featuredmedia":[{"embeddable":true,"href":"https:\/\/knjizara-sidran.com\/v2\/wp-json\/wp\/v2\/media\/20928"}],"wp:attachment":[{"href":"https:\/\/knjizara-sidran.com\/v2\/wp-json\/wp\/v2\/media?parent=20923"}],"wp:term":[{"taxonomy":"product_cat","embeddable":true,"href":"https:\/\/knjizara-sidran.com\/v2\/wp-json\/wp\/v2\/product_cat?post=20923"},{"taxonomy":"product_tag","embeddable":true,"href":"https:\/\/knjizara-sidran.com\/v2\/wp-json\/wp\/v2\/product_tag?post=20923"}],"curies":[{"name":"wp","href":"https:\/\/api.w.org\/{rel}","templated":true}]}}