{"id":20952,"date":"2023-07-05T10:56:44","date_gmt":"2023-07-05T08:56:44","guid":{"rendered":"https:\/\/knjizara-sidran.com\/v2\/?post_type=product&#038;p=20952"},"modified":"2025-12-08T16:30:16","modified_gmt":"2025-12-08T14:30:16","slug":"padnem-sedam-puta-a-ustanem-osam","status":"publish","type":"product","link":"https:\/\/knjizara-sidran.com\/v2\/product\/padnem-sedam-puta-a-ustanem-osam\/","title":{"rendered":"Padnem sedam puta a ustanem osam"},"content":{"rendered":"<p>Izvanredan i potresan autoportret mladi\u0107a koji boluje od autizma.<\/p>\n<p>Ova knjiga je prozor u svijet izvanrednog mladog \u010dovjeka koji se sa svakim svojim izazovom hvata uko\u0161tac odlu\u010dno i sa mnogo humora. Bez obzira na to koliko \u010desto pada, on ponovo ustaje.<\/p>\n<p>Naoki Higa\u0161ida imao je samo trinaest godina kada je napisao Za\u0161to ska\u010dem \u2013 jedinstven uvid u \u017eivot, misli i osje\u0107anja autisti\u010dnog djeteta. Njegovi zapisi dosegli su svjetski uspeh i pobudili pa\u017enju i interesovanje svih koji o autizmu nisu znali mnogo ili su imali brojne predrasude.<\/p>\n<p>U svojoj novoj knjizi Padnem sedam puta, a ustanem osam sa nama dijeli svoje misli i iskustva mladog \u010doveka koji se svakodnevno susre\u0107e sa pote\u0161ko\u0107ama izazvanim autizmom. Govori nam o izazovu \u0161kolovanja, o uspomenama, porodi\u010dnim odnosima, odu\u0161evljenju kada putuje i problemima sa govorom. Svojim opa\u017eanjima on nas ujedno podse\u0107a na svakodnevne trenutke koje uzimamo zdravo za gotovo, a koji za njega predstavljaju niz mentalnih koraka &#8211; na primer opa\u017eanje da je napolju po\u010dela ki\u0161a. Svestan toga koliko njegovo pona\u0161anje mo\u017ee biti \u010dudno drugim ljudima, on nastoji da nam pomogne da bolje shvatimo autizam i da podstakne dru\u0161tvo da ljude koji imaju posebne potrebe vidi kao ljude, a ne kao problem.<\/p>\n","protected":false},"excerpt":{"rendered":"<p>Izvanredan i potresan autoportret mladi\u0107a koji boluje od autizma. Ova [&hellip;]<\/p>\n","protected":false},"featured_media":20953,"template":"","meta":[],"product_cat":[29,116],"product_tag":[],"class_list":["post-20952","product","type-product","status-publish","has-post-thumbnail","hentry","product_cat-knjige","product_cat-psihologija"],"_links":{"self":[{"href":"https:\/\/knjizara-sidran.com\/v2\/wp-json\/wp\/v2\/product\/20952","targetHints":{"allow":["GET"]}}],"collection":[{"href":"https:\/\/knjizara-sidran.com\/v2\/wp-json\/wp\/v2\/product"}],"about":[{"href":"https:\/\/knjizara-sidran.com\/v2\/wp-json\/wp\/v2\/types\/product"}],"wp:featuredmedia":[{"embeddable":true,"href":"https:\/\/knjizara-sidran.com\/v2\/wp-json\/wp\/v2\/media\/20953"}],"wp:attachment":[{"href":"https:\/\/knjizara-sidran.com\/v2\/wp-json\/wp\/v2\/media?parent=20952"}],"wp:term":[{"taxonomy":"product_cat","embeddable":true,"href":"https:\/\/knjizara-sidran.com\/v2\/wp-json\/wp\/v2\/product_cat?post=20952"},{"taxonomy":"product_tag","embeddable":true,"href":"https:\/\/knjizara-sidran.com\/v2\/wp-json\/wp\/v2\/product_tag?post=20952"}],"curies":[{"name":"wp","href":"https:\/\/api.w.org\/{rel}","templated":true}]}}