{"id":20967,"date":"2023-07-05T14:30:59","date_gmt":"2023-07-05T12:30:59","guid":{"rendered":"https:\/\/knjizara-sidran.com\/v2\/?post_type=product&#038;p=20967"},"modified":"2025-12-08T16:31:41","modified_gmt":"2025-12-08T14:31:41","slug":"ono-o-cemu-se-ne-moze-govoriti","status":"publish","type":"product","link":"https:\/\/knjizara-sidran.com\/v2\/product\/ono-o-cemu-se-ne-moze-govoriti\/","title":{"rendered":"Ono o \u010demu se ne mo\u017ee govoriti"},"content":{"rendered":"<p>Nezirovi\u0107ev roman podsjetio me na gr\u010dku tragediju, samo \u0161to se doga\u0111a u Mostaru. Postoje u njemu i tragi\u010dni junaci i tragi\u010dna krivnja, ali, za razliku od gr\u010dkih tagedija, u ovom romanu nema katarze. Jedino iskupljenje pripovjeda\u010d i glavni lik pronalazi u pisanju. Ali kako opisati spoznaju da je o\u010duh kojeg ne voli\u0161, i za kojeg misli\u0161 da te ne voli, \u017ertvovao svoj \u017eivot da te spasi iz logora, spoznaju oko koje se formirao tvoj identitet? Kako opisati krivnju koja te mu\u010di cijeli \u017eivot?<\/p>\n<p>Nezirovi\u0107 se u ovoj potresnoj, introspektivnoj prozi razotkriva do kraja i hvata taj formativni osje\u0107aj sa svih strana, i metafizi\u010dke i emotivne i eti\u010dke\u2026 A za to je potrebna iznimna spisateljska vje\u0161tina.<\/p>\n<p>Drago Glamuzina<\/p>\n","protected":false},"excerpt":{"rendered":"<p>Nezirovi\u0107ev roman podsjetio me na gr\u010dku tragediju, samo \u0161to se [&hellip;]<\/p>\n","protected":false},"featured_media":20968,"template":"","meta":[],"product_cat":[108,29],"product_tag":[],"class_list":["post-20967","product","type-product","status-publish","has-post-thumbnail","hentry","product_cat-beletristika","product_cat-knjige"],"_links":{"self":[{"href":"https:\/\/knjizara-sidran.com\/v2\/wp-json\/wp\/v2\/product\/20967","targetHints":{"allow":["GET"]}}],"collection":[{"href":"https:\/\/knjizara-sidran.com\/v2\/wp-json\/wp\/v2\/product"}],"about":[{"href":"https:\/\/knjizara-sidran.com\/v2\/wp-json\/wp\/v2\/types\/product"}],"wp:featuredmedia":[{"embeddable":true,"href":"https:\/\/knjizara-sidran.com\/v2\/wp-json\/wp\/v2\/media\/20968"}],"wp:attachment":[{"href":"https:\/\/knjizara-sidran.com\/v2\/wp-json\/wp\/v2\/media?parent=20967"}],"wp:term":[{"taxonomy":"product_cat","embeddable":true,"href":"https:\/\/knjizara-sidran.com\/v2\/wp-json\/wp\/v2\/product_cat?post=20967"},{"taxonomy":"product_tag","embeddable":true,"href":"https:\/\/knjizara-sidran.com\/v2\/wp-json\/wp\/v2\/product_tag?post=20967"}],"curies":[{"name":"wp","href":"https:\/\/api.w.org\/{rel}","templated":true}]}}