{"id":21920,"date":"2024-01-09T17:40:23","date_gmt":"2024-01-09T15:40:23","guid":{"rendered":"https:\/\/knjizara-sidran.com\/v2\/?post_type=product&#038;p=21920"},"modified":"2024-08-09T11:32:01","modified_gmt":"2024-08-09T09:32:01","slug":"1000-zasto-1000-zato","status":"publish","type":"product","link":"https:\/\/knjizara-sidran.com\/v2\/product\/1000-zasto-1000-zato\/","title":{"rendered":"1000 za\u0161to 1000 zato"},"content":{"rendered":"<div dir=\"auto\">Posle mnogo godina, ponovo je na na\u0161em tr\u017ei\u0161tu apsolutni bestseler me\u0111u knjigama! 1000 ZA\u0160TO 1000 ZATO predstavlja veliki leksikon znanja, ne samo za djecu, ve\u0107 i za odrasle.<\/div>\n<div dir=\"auto\">U novom izdanju sa osavremenjenim tekstovima prona\u0107i \u0107ete sve \u0161to mo\u017ee zanimati Vas i Va\u0161u djecu, jer ova sveznaju\u0107a knjiga obra\u0111uje sve oblasti nauke, prirode, istorije, umjetnosti, sporta i zabave kroz vijekove.<\/div>\n","protected":false},"excerpt":{"rendered":"<p>Posle mnogo godina, ponovo je na na\u0161em tr\u017ei\u0161tu apsolutni bestseler [&hellip;]<\/p>\n","protected":false},"featured_media":21921,"template":"","meta":[],"product_cat":[29,111],"product_tag":[],"class_list":["post-21920","product","type-product","status-publish","has-post-thumbnail","hentry","product_cat-knjige","product_cat-za-djecu"],"_links":{"self":[{"href":"https:\/\/knjizara-sidran.com\/v2\/wp-json\/wp\/v2\/product\/21920","targetHints":{"allow":["GET"]}}],"collection":[{"href":"https:\/\/knjizara-sidran.com\/v2\/wp-json\/wp\/v2\/product"}],"about":[{"href":"https:\/\/knjizara-sidran.com\/v2\/wp-json\/wp\/v2\/types\/product"}],"wp:featuredmedia":[{"embeddable":true,"href":"https:\/\/knjizara-sidran.com\/v2\/wp-json\/wp\/v2\/media\/21921"}],"wp:attachment":[{"href":"https:\/\/knjizara-sidran.com\/v2\/wp-json\/wp\/v2\/media?parent=21920"}],"wp:term":[{"taxonomy":"product_cat","embeddable":true,"href":"https:\/\/knjizara-sidran.com\/v2\/wp-json\/wp\/v2\/product_cat?post=21920"},{"taxonomy":"product_tag","embeddable":true,"href":"https:\/\/knjizara-sidran.com\/v2\/wp-json\/wp\/v2\/product_tag?post=21920"}],"curies":[{"name":"wp","href":"https:\/\/api.w.org\/{rel}","templated":true}]}}