{"id":25463,"date":"2024-07-20T12:51:58","date_gmt":"2024-07-20T10:51:58","guid":{"rendered":"https:\/\/knjizara-sidran.com\/v2\/?post_type=product&#038;p=25463"},"modified":"2024-07-20T12:51:58","modified_gmt":"2024-07-20T10:51:58","slug":"malpensa-mini","status":"publish","type":"product","link":"https:\/\/knjizara-sidran.com\/v2\/product\/malpensa-mini\/","title":{"rendered":"Malpensa Mini"},"content":{"rendered":"<p>A6 Notes sa zaobljenim ivicama, elasti\u010dnom trakom i dr\u017ea\u010dem za olovku<\/p>\n","protected":false},"excerpt":{"rendered":"<p>A6 Notes sa zaobljenim ivicama, elasti\u010dnom trakom i dr\u017ea\u010dem za [&hellip;]<\/p>\n","protected":false},"featured_media":25464,"template":"","meta":[],"product_cat":[105,129],"product_tag":[],"class_list":["post-25463","product","type-product","status-publish","has-post-thumbnail","hentry","product_cat-promo","product_cat-rokovnici-i-notesi"],"_links":{"self":[{"href":"https:\/\/knjizara-sidran.com\/v2\/wp-json\/wp\/v2\/product\/25463","targetHints":{"allow":["GET"]}}],"collection":[{"href":"https:\/\/knjizara-sidran.com\/v2\/wp-json\/wp\/v2\/product"}],"about":[{"href":"https:\/\/knjizara-sidran.com\/v2\/wp-json\/wp\/v2\/types\/product"}],"wp:featuredmedia":[{"embeddable":true,"href":"https:\/\/knjizara-sidran.com\/v2\/wp-json\/wp\/v2\/media\/25464"}],"wp:attachment":[{"href":"https:\/\/knjizara-sidran.com\/v2\/wp-json\/wp\/v2\/media?parent=25463"}],"wp:term":[{"taxonomy":"product_cat","embeddable":true,"href":"https:\/\/knjizara-sidran.com\/v2\/wp-json\/wp\/v2\/product_cat?post=25463"},{"taxonomy":"product_tag","embeddable":true,"href":"https:\/\/knjizara-sidran.com\/v2\/wp-json\/wp\/v2\/product_tag?post=25463"}],"curies":[{"name":"wp","href":"https:\/\/api.w.org\/{rel}","templated":true}]}}