{"id":26165,"date":"2024-07-30T10:27:12","date_gmt":"2024-07-30T08:27:12","guid":{"rendered":"https:\/\/knjizara-sidran.com\/v2\/?post_type=product&#038;p=26165"},"modified":"2024-07-30T10:27:13","modified_gmt":"2024-07-30T08:27:13","slug":"cipi-puzzle-u-prirodi-30-dijelova-vrabac","status":"publish","type":"product","link":"https:\/\/knjizara-sidran.com\/v2\/product\/cipi-puzzle-u-prirodi-30-dijelova-vrabac\/","title":{"rendered":"\u010cipi puzzle U prirodi, 30 dijelova, Vrabac"},"content":{"rendered":"<p>\u201c\u010cipi\u201d dje\u010dija puzla Vrabac je slagalica koja poma\u017ee djeci u razvoju motori\u010dkih sposobnosti, logi\u010dkog razmi\u0161ljanja i pa\u017enje. Puzle sadr\u017ee trideset razli\u010ditih dijelova koji se mogu slo\u017eiti zajedno kako bi se formirala odre\u0111ena slika ili oblik. \u201c\u010cipi\u201d dje\u010dija puzla Vrabac dostupna je u deset razli\u010ditih motiva. Dimenzija slike: 32 x 22 cm. Dimenzija jedne puzzle: 5.5 x 4 cm.<\/p>\n<p>&nbsp;<\/p>\n","protected":false},"excerpt":{"rendered":"<p>\u201c\u010cipi\u201d dje\u010dija puzla Vrabac je slagalica koja poma\u017ee djeci u [&hellip;]<\/p>\n","protected":false},"featured_media":26166,"template":"","meta":[],"product_cat":[135,133],"product_tag":[],"class_list":["post-26165","product","type-product","status-publish","has-post-thumbnail","hentry","product_cat-igre-memorije-i-puzzle","product_cat-vrabac-igre"],"_links":{"self":[{"href":"https:\/\/knjizara-sidran.com\/v2\/wp-json\/wp\/v2\/product\/26165","targetHints":{"allow":["GET"]}}],"collection":[{"href":"https:\/\/knjizara-sidran.com\/v2\/wp-json\/wp\/v2\/product"}],"about":[{"href":"https:\/\/knjizara-sidran.com\/v2\/wp-json\/wp\/v2\/types\/product"}],"wp:featuredmedia":[{"embeddable":true,"href":"https:\/\/knjizara-sidran.com\/v2\/wp-json\/wp\/v2\/media\/26166"}],"wp:attachment":[{"href":"https:\/\/knjizara-sidran.com\/v2\/wp-json\/wp\/v2\/media?parent=26165"}],"wp:term":[{"taxonomy":"product_cat","embeddable":true,"href":"https:\/\/knjizara-sidran.com\/v2\/wp-json\/wp\/v2\/product_cat?post=26165"},{"taxonomy":"product_tag","embeddable":true,"href":"https:\/\/knjizara-sidran.com\/v2\/wp-json\/wp\/v2\/product_tag?post=26165"}],"curies":[{"name":"wp","href":"https:\/\/api.w.org\/{rel}","templated":true}]}}