{"id":26695,"date":"2026-03-12T10:17:58","date_gmt":"2026-03-12T08:17:58","guid":{"rendered":"https:\/\/knjizara-sidran.com\/v2\/?post_type=product&#038;p=26695"},"modified":"2026-03-12T10:17:58","modified_gmt":"2026-03-12T08:17:58","slug":"cistacica-na-crno-2","status":"publish","type":"product","link":"https:\/\/knjizara-sidran.com\/v2\/product\/cistacica-na-crno-2\/","title":{"rendered":"\u010cista\u010dica na crno 2"},"content":{"rendered":"<div class=\"x14z9mp xat24cr x1lziwak x1vvkbs xtlvy1s x126k92a\">\n<div dir=\"auto\">Alma vjeruje da je najgore iza nje. Dovela je k\u0107erku u Njema\u010dku, zapo\u010dela novi \u017eivot i, po prvi put nakon dugo vremena, osjetila da sve napokon ima smisla.<\/div>\n<\/div>\n<div class=\"x14z9mp xat24cr x1lziwak x1vvkbs xtlvy1s x126k92a\">\n<div dir=\"auto\">Ali sudbina se ne popravlja preko no\u0107i.<\/div>\n<\/div>\n<div class=\"x14z9mp xat24cr x1lziwak x1vvkbs xtlvy1s x126k92a\">\n<div dir=\"auto\">Drugi dio romana \u201e\u010cista\u010dica na crno\u201c donosi brutalno iskrenu pri\u010du o \u017eeni koja ponovo gradi \u017eivot, zaljubljuje se, udaje, stvara dom. Njena k\u0107erka ga zavoli kao oca. Sve izgleda savr\u0161eno\u2026 dok se jedan trenutak ne pretvori u prekretnicu koja \u0107e joj promijeniti \u017eivot iz korijena.<\/div>\n<\/div>\n","protected":false},"excerpt":{"rendered":"<p>Alma vjeruje da je najgore iza nje. Dovela je k\u0107erku [&hellip;]<\/p>\n","protected":false},"featured_media":26696,"template":"","meta":[],"product_cat":[108,29],"product_tag":[],"class_list":["post-26695","product","type-product","status-publish","has-post-thumbnail","hentry","product_cat-beletristika","product_cat-knjige"],"_links":{"self":[{"href":"https:\/\/knjizara-sidran.com\/v2\/wp-json\/wp\/v2\/product\/26695","targetHints":{"allow":["GET"]}}],"collection":[{"href":"https:\/\/knjizara-sidran.com\/v2\/wp-json\/wp\/v2\/product"}],"about":[{"href":"https:\/\/knjizara-sidran.com\/v2\/wp-json\/wp\/v2\/types\/product"}],"wp:featuredmedia":[{"embeddable":true,"href":"https:\/\/knjizara-sidran.com\/v2\/wp-json\/wp\/v2\/media\/26696"}],"wp:attachment":[{"href":"https:\/\/knjizara-sidran.com\/v2\/wp-json\/wp\/v2\/media?parent=26695"}],"wp:term":[{"taxonomy":"product_cat","embeddable":true,"href":"https:\/\/knjizara-sidran.com\/v2\/wp-json\/wp\/v2\/product_cat?post=26695"},{"taxonomy":"product_tag","embeddable":true,"href":"https:\/\/knjizara-sidran.com\/v2\/wp-json\/wp\/v2\/product_tag?post=26695"}],"curies":[{"name":"wp","href":"https:\/\/api.w.org\/{rel}","templated":true}]}}